Last updated on 2025-11-05 07:50:58 CET.
| Flavor | Version | Tinstall | Tcheck | Ttotal | Status | Flags |
|---|---|---|---|---|---|---|
| r-devel-linux-x86_64-debian-clang | 1.4 | 1.53 | 17.39 | 18.92 | NOTE | |
| r-devel-linux-x86_64-debian-gcc | 1.4 | 1.32 | 14.88 | 16.20 | NOTE | |
| r-devel-linux-x86_64-fedora-clang | 1.4 | 27.81 | NOTE | |||
| r-devel-linux-x86_64-fedora-gcc | 1.4 | 26.96 | NOTE | |||
| r-devel-windows-x86_64 | 1.4 | 4.00 | 32.00 | 36.00 | NOTE | |
| r-patched-linux-x86_64 | 1.4 | 1.34 | 16.62 | 17.96 | NOTE | |
| r-release-linux-x86_64 | 1.4 | 1.57 | 16.64 | 18.21 | NOTE | |
| r-release-macos-arm64 | 1.4 | 1.00 | 13.00 | 14.00 | NOTE | |
| r-release-macos-x86_64 | 1.4 | 1.00 | 21.00 | 22.00 | NOTE | |
| r-release-windows-x86_64 | 1.4 | 2.00 | 31.00 | 33.00 | NOTE | |
| r-oldrel-macos-arm64 | 1.4 | 1.00 | 13.00 | 14.00 | NOTE | |
| r-oldrel-macos-x86_64 | 1.4 | 2.00 | 19.00 | 21.00 | NOTE | |
| r-oldrel-windows-x86_64 | 1.4 | 2.00 | 34.00 | 36.00 | NOTE |
Version: 1.4
Check: CRAN incoming feasibility
Result: NOTE
Maintainer: ‘Jonas Stein <[email protected]>’
No Authors@R field in DESCRIPTION.
Please add one, modifying
Authors@R: c(person(given = "Jonas",
family = "Stein",
role = c("aut", "cre"),
email = "[email protected]"),
person(given = "Ben",
family = "Tupper",
role = "aut"))
as necessary.
Flavors: r-devel-linux-x86_64-debian-clang, r-devel-linux-x86_64-debian-gcc
Version: 1.4
Check: DESCRIPTION meta-information
Result: NOTE
Malformed Description field: should contain one or more complete sentences.
Flavors: r-devel-linux-x86_64-debian-clang, r-devel-linux-x86_64-debian-gcc, r-devel-linux-x86_64-fedora-clang, r-devel-linux-x86_64-fedora-gcc, r-devel-windows-x86_64, r-patched-linux-x86_64, r-release-linux-x86_64, r-release-macos-arm64, r-release-macos-x86_64, r-release-windows-x86_64, r-oldrel-macos-arm64, r-oldrel-macos-x86_64, r-oldrel-windows-x86_64
Version: 1.4
Check: LazyData
Result: NOTE
'LazyData' is specified without a 'data' directory
Flavors: r-oldrel-macos-arm64, r-oldrel-macos-x86_64, r-oldrel-windows-x86_64