Last updated on 2025-11-05 07:50:58 CET.
| Flavor | Version | Tinstall | Tcheck | Ttotal | Status | Flags |
|---|---|---|---|---|---|---|
| r-devel-linux-x86_64-debian-clang | 0.1.0 | 2.05 | 19.39 | 21.44 | NOTE | |
| r-devel-linux-x86_64-debian-gcc | 0.1.0 | 1.71 | 16.17 | 17.88 | NOTE | |
| r-devel-linux-x86_64-fedora-clang | 0.1.0 | 32.08 | OK | |||
| r-devel-linux-x86_64-fedora-gcc | 0.1.0 | 30.20 | OK | |||
| r-devel-windows-x86_64 | 0.1.0 | 3.00 | 32.00 | 35.00 | OK | |
| r-patched-linux-x86_64 | 0.1.0 | 2.09 | 18.35 | 20.44 | OK | |
| r-release-linux-x86_64 | 0.1.0 | 2.00 | 18.77 | 20.77 | OK | |
| r-release-macos-arm64 | 0.1.0 | 1.00 | 12.00 | 13.00 | OK | |
| r-release-macos-x86_64 | 0.1.0 | 2.00 | 19.00 | 21.00 | OK | |
| r-release-windows-x86_64 | 0.1.0 | 3.00 | 33.00 | 36.00 | OK | |
| r-oldrel-macos-arm64 | 0.1.0 | 1.00 | 12.00 | 13.00 | NOTE | |
| r-oldrel-macos-x86_64 | 0.1.0 | 2.00 | 17.00 | 19.00 | NOTE | |
| r-oldrel-windows-x86_64 | 0.1.0 | 3.00 | 35.00 | 38.00 | NOTE |
Version: 0.1.0
Check: CRAN incoming feasibility
Result: NOTE
Maintainer: ‘Zhaoliang He <[email protected]>’
No Authors@R field in DESCRIPTION.
Please add one, modifying
Authors@R: c(person(given = "Zhaoliang",
family = "He",
role = c("aut", "cre"),
email = "[email protected]"),
person(given = "Linsui",
family = "Deng",
role = "aut",
email = "[email protected]"),
person(given = "Kaiwen",
family = "Tan",
role = "aut",
email = "[email protected]"))
as necessary.
Flavors: r-devel-linux-x86_64-debian-clang, r-devel-linux-x86_64-debian-gcc
Version: 0.1.0
Check: LazyData
Result: NOTE
'LazyData' is specified without a 'data' directory
Flavors: r-oldrel-macos-arm64, r-oldrel-macos-x86_64, r-oldrel-windows-x86_64