CRAN Package Check Results for Package solarPos

Last updated on 2025-11-05 07:50:58 CET.

Flavor Version Tinstall Tcheck Ttotal Status Flags
r-devel-linux-x86_64-debian-clang 1.0 1.95 20.73 22.68 NOTE
r-devel-linux-x86_64-debian-gcc 1.0 1.55 17.10 18.65 NOTE
r-devel-linux-x86_64-fedora-clang 1.0 33.28 OK
r-devel-linux-x86_64-fedora-gcc 1.0 31.46 OK
r-devel-windows-x86_64 1.0 3.00 40.00 43.00 OK
r-patched-linux-x86_64 1.0 2.35 19.44 21.79 OK
r-release-linux-x86_64 1.0 2.21 19.84 22.05 OK
r-release-macos-arm64 1.0 1.00 13.00 14.00 OK
r-release-macos-x86_64 1.0 2.00 23.00 25.00 OK
r-release-windows-x86_64 1.0 3.00 39.00 42.00 OK
r-oldrel-macos-arm64 1.0 1.00 12.00 13.00 OK
r-oldrel-macos-x86_64 1.0 2.00 18.00 20.00 OK
r-oldrel-windows-x86_64 1.0 3.00 41.00 44.00 OK

Check Details

Version: 1.0
Check: CRAN incoming feasibility
Result: NOTE Maintainer: ‘Jasper Van doninck <[email protected]>’ No Authors@R field in DESCRIPTION. Please add one, modifying Authors@R: person(given = "Jasper", family = "Van doninck", role = c("aut", "cre"), email = "[email protected]") as necessary. Flavors: r-devel-linux-x86_64-debian-clang, r-devel-linux-x86_64-debian-gcc