Last updated on 2025-11-05 07:50:58 CET.
| Flavor | Version | Tinstall | Tcheck | Ttotal | Status | Flags |
|---|---|---|---|---|---|---|
| r-devel-linux-x86_64-debian-clang | 1.3 | 1.85 | 26.17 | 28.02 | NOTE | |
| r-devel-linux-x86_64-debian-gcc | 1.3 | 1.55 | 21.78 | 23.33 | NOTE | |
| r-devel-linux-x86_64-fedora-clang | 1.3 | 39.98 | OK | |||
| r-devel-linux-x86_64-fedora-gcc | 1.3 | 38.05 | OK | |||
| r-devel-windows-x86_64 | 1.3 | 3.00 | 45.00 | 48.00 | OK | |
| r-patched-linux-x86_64 | 1.3 | 2.08 | 24.83 | 26.91 | OK | |
| r-release-linux-x86_64 | 1.3 | 1.82 | 24.90 | 26.72 | OK | |
| r-release-macos-arm64 | 1.3 | 1.00 | 18.00 | 19.00 | OK | |
| r-release-macos-x86_64 | 1.3 | 2.00 | 29.00 | 31.00 | OK | |
| r-release-windows-x86_64 | 1.3 | 2.00 | 44.00 | 46.00 | OK | |
| r-oldrel-macos-arm64 | 1.3 | 1.00 | 17.00 | 18.00 | OK | |
| r-oldrel-macos-x86_64 | 1.3 | 2.00 | 24.00 | 26.00 | OK | |
| r-oldrel-windows-x86_64 | 1.3 | 3.00 | 46.00 | 49.00 | OK |
Version: 1.3
Check: CRAN incoming feasibility
Result: NOTE
Maintainer: ‘Jacob Bien <[email protected]>’
No Authors@R field in DESCRIPTION.
Please add one, modifying
Authors@R: c(person(given = "Jacob",
family = "Bien",
role = c("aut", "cre"),
email = "[email protected]"),
person(given = "Rob",
family = "Tibshirani",
role = "aut"))
as necessary.
Flavors: r-devel-linux-x86_64-debian-clang, r-devel-linux-x86_64-debian-gcc