Last updated on 2025-11-05 07:50:58 CET.
| Flavor | Version | Tinstall | Tcheck | Ttotal | Status | Flags |
|---|---|---|---|---|---|---|
| r-devel-linux-x86_64-debian-clang | 0.3 | 2.91 | 39.90 | 42.81 | NOTE | |
| r-devel-linux-x86_64-debian-gcc | 0.3 | 2.28 | 32.73 | 35.01 | NOTE | |
| r-devel-linux-x86_64-fedora-clang | 0.3 | 63.77 | OK | |||
| r-devel-linux-x86_64-fedora-gcc | 0.3 | 76.64 | OK | |||
| r-devel-windows-x86_64 | 0.3 | 6.00 | 71.00 | 77.00 | OK | |
| r-patched-linux-x86_64 | 0.3 | 2.95 | 39.50 | 42.45 | OK | |
| r-release-linux-x86_64 | 0.3 | 2.70 | 39.34 | 42.04 | OK | |
| r-release-macos-arm64 | 0.3 | 3.00 | 36.00 | 39.00 | OK | |
| r-release-macos-x86_64 | 0.3 | 4.00 | 55.00 | 59.00 | OK | |
| r-release-windows-x86_64 | 0.3 | 7.00 | 70.00 | 77.00 | OK | |
| r-oldrel-macos-arm64 | 0.3 | 3.00 | 29.00 | 32.00 | OK | |
| r-oldrel-macos-x86_64 | 0.3 | 3.00 | 49.00 | 52.00 | OK | |
| r-oldrel-windows-x86_64 | 0.3 | 6.00 | 72.00 | 78.00 | OK |
Version: 0.3
Check: CRAN incoming feasibility
Result: NOTE
Maintainer: ‘Charles J. Geyer <[email protected]>’
No Authors@R field in DESCRIPTION.
Please add one, modifying
Authors@R: c(person(given = c("Charles", "J."),
family = "Geyer",
role = c("aut", "cre"),
email = "[email protected]"),
person(given = c("Elizabeth", "A."),
family = "Thompson",
role = "aut",
email = "[email protected]"))
as necessary.
Flavors: r-devel-linux-x86_64-debian-clang, r-devel-linux-x86_64-debian-gcc