Last updated on 2025-11-05 07:50:58 CET.
| Flavor | Version | Tinstall | Tcheck | Ttotal | Status | Flags |
|---|---|---|---|---|---|---|
| r-devel-linux-x86_64-debian-clang | 0.5.0 | 2.25 | 26.13 | 28.38 | NOTE | |
| r-devel-linux-x86_64-debian-gcc | 0.5.0 | 1.86 | 20.49 | 22.35 | NOTE | |
| r-devel-linux-x86_64-fedora-clang | 0.5.0 | 41.63 | OK | |||
| r-devel-linux-x86_64-fedora-gcc | 0.5.0 | 39.91 | OK | |||
| r-devel-windows-x86_64 | 0.5.0 | 3.00 | 41.00 | 44.00 | OK | |
| r-patched-linux-x86_64 | 0.5.0 | 2.28 | 24.79 | 27.07 | OK | |
| r-release-linux-x86_64 | 0.5.0 | 2.36 | 24.64 | 27.00 | OK | |
| r-release-macos-arm64 | 0.5.0 | 1.00 | 16.00 | 17.00 | OK | |
| r-release-macos-x86_64 | 0.5.0 | 2.00 | 25.00 | 27.00 | OK | |
| r-release-windows-x86_64 | 0.5.0 | 5.00 | 41.00 | 46.00 | OK | |
| r-oldrel-macos-arm64 | 0.5.0 | 1.00 | 14.00 | 15.00 | OK | |
| r-oldrel-macos-x86_64 | 0.5.0 | 2.00 | 24.00 | 26.00 | OK | |
| r-oldrel-windows-x86_64 | 0.5.0 | 3.00 | 43.00 | 46.00 | OK |
Version: 0.5.0
Check: CRAN incoming feasibility
Result: NOTE
Maintainer: ‘Adrienne M. Wootten <[email protected]>’
No Authors@R field in DESCRIPTION.
Please add one, modifying
Authors@R: person(given = c("Adrienne", "M."),
family = "Wootten",
role = c("aut", "cre"),
email = "[email protected]",
comment = "University of Oklahoma")
as necessary.
Flavors: r-devel-linux-x86_64-debian-clang, r-devel-linux-x86_64-debian-gcc