CRAN Package Check Results for Package switchcase

Last updated on 2025-11-05 07:50:59 CET.

Flavor Version Tinstall Tcheck Ttotal Status Flags
r-devel-linux-x86_64-debian-clang 0.1.1 1.57 18.24 19.81 OK
r-devel-linux-x86_64-debian-gcc 0.1.1 1.32 14.91 16.23 OK
r-devel-linux-x86_64-fedora-clang 0.1.1 28.59 OK
r-devel-linux-x86_64-fedora-gcc 0.1.1 27.34 OK
r-devel-windows-x86_64 0.1.1 5.00 32.00 37.00 OK
r-patched-linux-x86_64 0.1.1 1.53 17.01 18.54 OK
r-release-linux-x86_64 0.1.1 1.41 17.26 18.67 OK
r-release-macos-arm64 0.1.1 1.00 13.00 14.00 OK
r-release-macos-x86_64 0.1.1 1.00 21.00 22.00 OK
r-release-windows-x86_64 0.1.1 2.00 32.00 34.00 OK
r-oldrel-macos-arm64 0.1.1 1.00 12.00 13.00 NOTE
r-oldrel-macos-x86_64 0.1.1 2.00 17.00 19.00 NOTE
r-oldrel-windows-x86_64 0.1.1 2.00 35.00 37.00 NOTE

Check Details

Version: 0.1.1
Check: LazyData
Result: NOTE 'LazyData' is specified without a 'data' directory Flavors: r-oldrel-macos-arm64, r-oldrel-macos-x86_64, r-oldrel-windows-x86_64