CRAN Package Check Results for Package synchrony

Last updated on 2025-11-05 07:50:59 CET.

Flavor Version Tinstall Tcheck Ttotal Status Flags
r-devel-linux-x86_64-debian-clang 0.3.8 3.21 36.69 39.90 NOTE
r-devel-linux-x86_64-debian-gcc 0.3.8 2.48 26.88 29.36 NOTE
r-devel-linux-x86_64-fedora-clang 0.3.8 55.94 NOTE
r-devel-linux-x86_64-fedora-gcc 0.3.8 54.32 NOTE
r-devel-windows-x86_64 0.3.8 7.00 53.00 60.00 NOTE
r-patched-linux-x86_64 0.3.8 3.48 33.13 36.61 NOTE
r-release-linux-x86_64 0.3.8 3.41 32.95 36.36 NOTE
r-release-macos-arm64 0.3.8 2.00 17.00 19.00 NOTE
r-release-macos-x86_64 0.3.8 3.00 29.00 32.00 NOTE
r-release-windows-x86_64 0.3.8 4.00 55.00 59.00 NOTE
r-oldrel-macos-arm64 0.3.8 2.00 16.00 18.00 NOTE
r-oldrel-macos-x86_64 0.3.8 2.00 26.00 28.00 NOTE
r-oldrel-windows-x86_64 0.3.8 4.00 56.00 60.00 NOTE

Check Details

Version: 0.3.8
Check: CRAN incoming feasibility
Result: NOTE Maintainer: ‘Tarik C. Gouhier <[email protected]>’ No Authors@R field in DESCRIPTION. Please add one, modifying Authors@R: person(given = c("Tarik", "C."), family = "Gouhier", role = c("aut", "cre"), email = "[email protected]") as necessary. Flavors: r-devel-linux-x86_64-debian-clang, r-devel-linux-x86_64-debian-gcc

Version: 0.3.8
Check: Rd files
Result: NOTE checkRd: (-1) coord2dist.Rd:14: Lost braces; missing escapes or markup? 14 | \code{n} x 4 matrix of coordinates consisting of {lat or y, lon or x} pairs for each each site | ^ Flavors: r-devel-linux-x86_64-debian-clang, r-devel-linux-x86_64-debian-gcc, r-devel-linux-x86_64-fedora-clang, r-devel-linux-x86_64-fedora-gcc, r-devel-windows-x86_64, r-patched-linux-x86_64, r-release-linux-x86_64, r-release-macos-arm64, r-release-macos-x86_64, r-release-windows-x86_64, r-oldrel-macos-arm64, r-oldrel-macos-x86_64, r-oldrel-windows-x86_64