CRAN Package Check Results for Package tatest

Last updated on 2025-11-05 07:50:59 CET.

Flavor Version Tinstall Tcheck Ttotal Status Flags
r-devel-linux-x86_64-debian-clang 1.0 2.01 32.03 34.04 NOTE
r-devel-linux-x86_64-debian-gcc 1.0 1.76 23.52 25.28 NOTE
r-devel-linux-x86_64-fedora-clang 1.0 49.45 OK
r-devel-linux-x86_64-fedora-gcc 1.0 47.92 OK
r-devel-windows-x86_64 1.0 3.00 48.00 51.00 OK
r-patched-linux-x86_64 1.0 2.44 29.56 32.00 OK
r-release-linux-x86_64 1.0 2.16 30.00 32.16 OK
r-release-macos-arm64 1.0 1.00 18.00 19.00 OK
r-release-macos-x86_64 1.0 2.00 32.00 34.00 OK
r-release-windows-x86_64 1.0 3.00 47.00 50.00 OK
r-oldrel-macos-arm64 1.0 1.00 17.00 18.00 OK
r-oldrel-macos-x86_64 1.0 2.00 28.00 30.00 OK
r-oldrel-windows-x86_64 1.0 3.00 47.00 50.00 OK

Check Details

Version: 1.0
Check: CRAN incoming feasibility
Result: NOTE Maintainer: ‘Yuan-De Tan <[email protected]>’ No Authors@R field in DESCRIPTION. Please add one, modifying Authors@R: person(given = "Yuan-De", family = "Tan", role = c("aut", "cre"), email = "[email protected]") as necessary. Flavors: r-devel-linux-x86_64-debian-clang, r-devel-linux-x86_64-debian-gcc