CRAN Package Check Results for Package testequavar

Last updated on 2025-11-05 07:50:59 CET.

Flavor Version Tinstall Tcheck Ttotal Status Flags
r-devel-linux-x86_64-debian-clang 0.1.5 2.58 22.78 25.36 NOTE
r-devel-linux-x86_64-debian-gcc 0.1.5 1.76 17.71 19.47 NOTE
r-devel-linux-x86_64-fedora-clang 0.1.5 37.31 OK
r-devel-linux-x86_64-fedora-gcc 0.1.5 35.90 OK
r-devel-windows-x86_64 0.1.5 3.00 40.00 43.00 OK
r-patched-linux-x86_64 0.1.5 2.54 21.67 24.21 OK
r-release-linux-x86_64 0.1.5 2.37 21.02 23.39 OK
r-release-macos-arm64 0.1.5 1.00 17.00 18.00 OK
r-release-macos-x86_64 0.1.5 3.00 34.00 37.00 OK
r-release-windows-x86_64 0.1.5 3.00 40.00 43.00 OK
r-oldrel-macos-arm64 0.1.5 1.00 14.00 15.00 OK
r-oldrel-macos-x86_64 0.1.5 2.00 21.00 23.00 OK
r-oldrel-windows-x86_64 0.1.5 3.00 41.00 44.00 OK

Check Details

Version: 0.1.5
Check: CRAN incoming feasibility
Result: NOTE Maintainer: ‘Dexter Cahoy <[email protected]>’ No Authors@R field in DESCRIPTION. Please add one, modifying Authors@R: person(given = "Dexter", family = "Cahoy", role = c("aut", "cre"), email = "[email protected]") as necessary. Flavors: r-devel-linux-x86_64-debian-clang, r-devel-linux-x86_64-debian-gcc