CRAN Package Check Results for Package tfer

Last updated on 2025-11-05 07:50:59 CET.

Flavor Version Tinstall Tcheck Ttotal Status Flags
r-devel-linux-x86_64-debian-clang 1.3 1.77 21.68 23.45 NOTE
r-devel-linux-x86_64-debian-gcc 1.3 1.44 17.67 19.11 NOTE
r-devel-linux-x86_64-fedora-clang 1.3 34.36 OK
r-devel-linux-x86_64-fedora-gcc 1.3 10.00 23.79 33.79 OK
r-devel-windows-x86_64 1.3 5.00 41.00 46.00 OK
r-patched-linux-x86_64 1.3 1.89 20.26 22.15 OK
r-release-linux-x86_64 1.3 1.84 20.37 22.21 OK
r-release-macos-arm64 1.3 1.00 16.00 17.00 OK
r-release-macos-x86_64 1.3 2.00 26.00 28.00 OK
r-release-windows-x86_64 1.3 3.00 41.00 44.00 OK
r-oldrel-macos-arm64 1.3 1.00 14.00 15.00 OK
r-oldrel-macos-x86_64 1.3 2.00 27.00 29.00 OK
r-oldrel-windows-x86_64 1.3 3.00 42.00 45.00 OK

Check Details

Version: 1.3
Check: CRAN incoming feasibility
Result: NOTE Maintainer: ‘James Curran <[email protected]>’ No Authors@R field in DESCRIPTION. Please add one, modifying Authors@R: c(person(given = "James", family = "Curran", role = c("aut", "cre"), email = "[email protected]"), person(given = "TingYu", family = "Huang", role = "aut")) as necessary. Flavors: r-devel-linux-x86_64-debian-clang, r-devel-linux-x86_64-debian-gcc