CRAN Package Check Results for Package triangulation

Last updated on 2025-11-05 07:51:00 CET.

Flavor Version Tinstall Tcheck Ttotal Status Flags
r-devel-linux-x86_64-debian-clang 0.5.0 2.04 19.06 21.10 OK
r-devel-linux-x86_64-debian-gcc 0.5.0 1.55 15.50 17.05 OK
r-devel-linux-x86_64-fedora-clang 0.5.0 31.05 OK
r-devel-linux-x86_64-fedora-gcc 0.5.0 30.06 OK
r-devel-windows-x86_64 0.5.0 3.00 33.00 36.00 OK
r-patched-linux-x86_64 0.5.0 2.07 18.34 20.41 OK
r-release-linux-x86_64 0.5.0 2.02 18.35 20.37 OK
r-release-macos-arm64 0.5.0 2.00 13.00 15.00 OK
r-release-macos-x86_64 0.5.0 2.00 20.00 22.00 OK
r-release-windows-x86_64 0.5.0 3.00 32.00 35.00 OK
r-oldrel-macos-arm64 0.5.0 1.00 11.00 12.00 NOTE
r-oldrel-macos-x86_64 0.5.0 2.00 17.00 19.00 NOTE
r-oldrel-windows-x86_64 0.5.0 3.00 36.00 39.00 NOTE

Check Details

Version: 0.5.0
Check: LazyData
Result: NOTE 'LazyData' is specified without a 'data' directory Flavors: r-oldrel-macos-arm64, r-oldrel-macos-x86_64, r-oldrel-windows-x86_64