CRAN Package Check Results for Package udunits2

Last updated on 2025-11-05 07:51:01 CET.

Flavor Version Tinstall Tcheck Ttotal Status Flags
r-devel-linux-x86_64-debian-clang 0.13.2.2 4.60 21.14 25.74 NOTE
r-devel-linux-x86_64-debian-gcc 0.13.2.2 3.84 17.37 21.21 NOTE
r-devel-linux-x86_64-fedora-clang 0.13.2.2 12.00 25.93 37.93 OK
r-devel-linux-x86_64-fedora-gcc 0.13.2.2 12.00 24.56 36.56 OK
r-devel-windows-x86_64 0.13.2.2 6.00 40.00 46.00 OK
r-patched-linux-x86_64 0.13.2.2 3.88 20.10 23.98 OK
r-release-linux-x86_64 0.13.2.2 3.68 19.77 23.45 OK
r-release-macos-arm64 0.13.2.2 8.00 12.00 20.00 OK
r-release-macos-x86_64 0.13.2.2 25.00 23.00 48.00 OK
r-release-windows-x86_64 0.13.2.2 6.00 40.00 46.00 OK
r-oldrel-macos-arm64 0.13.2.2 8.00 18.00 26.00 OK
r-oldrel-macos-x86_64 0.13.2.2 21.00 28.00 49.00 OK
r-oldrel-windows-x86_64 0.13.2.2 8.00 45.00 53.00 OK

Check Details

Version: 0.13.2.2
Check: DESCRIPTION meta-information
Result: NOTE Maintainer field differs from that derived from Authors@R Maintainer: ‘ORPHANED’ Authors@R: ‘James Hiebert <[email protected]>’ Flavors: r-devel-linux-x86_64-debian-clang, r-devel-linux-x86_64-debian-gcc