CRAN Package Check Results for Package vfprogression

Last updated on 2025-11-05 07:51:01 CET.

Flavor Version Tinstall Tcheck Ttotal Status Flags
r-devel-linux-x86_64-debian-clang 0.7.1 2.34 26.43 28.77 NOTE
r-devel-linux-x86_64-debian-gcc 0.7.1 1.69 20.23 21.92 NOTE
r-devel-linux-x86_64-fedora-clang 0.7.1 43.45 OK
r-devel-linux-x86_64-fedora-gcc 0.7.1 40.55 OK
r-devel-windows-x86_64 0.7.1 3.00 45.00 48.00 OK
r-patched-linux-x86_64 0.7.1 2.09 25.75 27.84 OK
r-release-linux-x86_64 0.7.1 2.16 25.41 27.57 OK
r-release-macos-arm64 0.7.1 1.00 17.00 18.00 OK
r-release-macos-x86_64 0.7.1 2.00 26.00 28.00 OK
r-release-windows-x86_64 0.7.1 3.00 45.00 48.00 OK
r-oldrel-macos-arm64 0.7.1 1.00 15.00 16.00 OK
r-oldrel-macos-x86_64 0.7.1 2.00 25.00 27.00 OK
r-oldrel-windows-x86_64 0.7.1 3.00 44.00 47.00 OK

Check Details

Version: 0.7.1
Check: CRAN incoming feasibility
Result: NOTE Maintainer: ‘Dian Li <[email protected]>’ No Authors@R field in DESCRIPTION. Please add one, modifying Authors@R: c(person(given = "Tobias", family = "Elze", role = "aut"), person(given = "Dian", family = "Li", role = c("aut", "cre"), email = "[email protected]", comment = "documentation"), person(given = c("Eun", "Young"), family = "Choi", role = "aut", comment = "QC")) as necessary. Flavors: r-devel-linux-x86_64-debian-clang, r-devel-linux-x86_64-debian-gcc