Last updated on 2025-11-05 07:51:01 CET.
| Flavor | Version | Tinstall | Tcheck | Ttotal | Status | Flags |
|---|---|---|---|---|---|---|
| r-devel-linux-x86_64-debian-clang | 3.0.1 | 2.34 | 28.05 | 30.39 | NOTE | |
| r-devel-linux-x86_64-debian-gcc | 3.0.1 | 1.76 | 22.21 | 23.97 | NOTE | |
| r-devel-linux-x86_64-fedora-clang | 3.0.1 | 43.42 | OK | |||
| r-devel-linux-x86_64-fedora-gcc | 3.0.1 | 41.22 | OK | |||
| r-devel-windows-x86_64 | 3.0.1 | 3.00 | 41.00 | 44.00 | OK | |
| r-patched-linux-x86_64 | 3.0.1 | 2.03 | 25.13 | 27.16 | OK | |
| r-release-linux-x86_64 | 3.0.1 | 2.30 | 25.17 | 27.47 | OK | |
| r-release-macos-arm64 | 3.0.1 | 1.00 | 18.00 | 19.00 | OK | |
| r-release-macos-x86_64 | 3.0.1 | 2.00 | 29.00 | 31.00 | OK | |
| r-release-windows-x86_64 | 3.0.1 | 3.00 | 41.00 | 44.00 | OK | |
| r-oldrel-macos-arm64 | 3.0.1 | 1.00 | 17.00 | 18.00 | OK | |
| r-oldrel-macos-x86_64 | 3.0.1 | 2.00 | 22.00 | 24.00 | OK | |
| r-oldrel-windows-x86_64 | 3.0.1 | 3.00 | 42.00 | 45.00 | OK |
Version: 3.0.1
Check: CRAN incoming feasibility
Result: NOTE
Maintainer: ‘Jefferson Paril <[email protected]>’
No Authors@R field in DESCRIPTION.
Please add one, modifying
Authors@R: person(given = "Jefferson",
family = "Paril",
role = c("aut", "cre"),
email = "[email protected]")
as necessary.
Package CITATION file contains call(s) to old-style citEntry(). Please
use bibentry() instead.
Flavors: r-devel-linux-x86_64-debian-clang, r-devel-linux-x86_64-debian-gcc