Last updated on 2025-11-05 07:51:02 CET.
| Flavor | Version | Tinstall | Tcheck | Ttotal | Status | Flags |
|---|---|---|---|---|---|---|
| r-devel-linux-x86_64-debian-clang | 1.0.1 | 2.33 | 46.05 | 48.38 | NOTE | |
| r-devel-linux-x86_64-debian-gcc | 1.0.1 | 1.88 | 31.32 | 33.20 | NOTE | |
| r-devel-linux-x86_64-fedora-clang | 1.0.1 | 71.99 | OK | |||
| r-devel-linux-x86_64-fedora-gcc | 1.0.1 | 69.79 | OK | |||
| r-devel-windows-x86_64 | 1.0.1 | 3.00 | 59.00 | 62.00 | OK | |
| r-patched-linux-x86_64 | 1.0.1 | 2.77 | 42.74 | 45.51 | OK | |
| r-release-linux-x86_64 | 1.0.1 | 2.35 | 43.47 | 45.82 | OK | |
| r-release-macos-arm64 | 1.0.1 | 2.00 | 23.00 | 25.00 | OK | |
| r-release-macos-x86_64 | 1.0.1 | 2.00 | 40.00 | 42.00 | OK | |
| r-release-windows-x86_64 | 1.0.1 | 3.00 | 58.00 | 61.00 | OK | |
| r-oldrel-macos-arm64 | 1.0.1 | 1.00 | 21.00 | 22.00 | OK | |
| r-oldrel-macos-x86_64 | 1.0.1 | 2.00 | 33.00 | 35.00 | OK | |
| r-oldrel-windows-x86_64 | 1.0.1 | 3.00 | 60.00 | 63.00 | OK |
Version: 1.0.1
Check: CRAN incoming feasibility
Result: NOTE
Maintainer: ‘Neil A. Weiss <[email protected]>’
No Authors@R field in DESCRIPTION.
Please add one, modifying
Authors@R: person(given = c("Neil", "A."),
family = "Weiss",
role = c("aut", "cre"),
email = "[email protected]")
as necessary.
Found the following \keyword or \concept entries
which likely give several index terms:
File ‘wPerm-package.Rd’:
\keyword{ package, datasets, graphs }
Flavors: r-devel-linux-x86_64-debian-clang, r-devel-linux-x86_64-debian-gcc