CRAN Package Check Results for Package websearchr

Last updated on 2025-11-05 07:51:01 CET.

Flavor Version Tinstall Tcheck Ttotal Status Flags
r-devel-linux-x86_64-debian-clang 0.0.3 1.73 21.09 22.82 OK
r-devel-linux-x86_64-debian-gcc 0.0.3 1.46 17.04 18.50 OK
r-devel-linux-x86_64-fedora-clang 0.0.3 32.04 OK
r-devel-linux-x86_64-fedora-gcc 0.0.3 29.90 OK
r-devel-windows-x86_64 0.0.3 3.00 40.00 43.00 OK
r-patched-linux-x86_64 0.0.3 1.85 19.08 20.93 OK
r-release-linux-x86_64 0.0.3 1.78 19.20 20.98 OK
r-release-macos-arm64 0.0.3 1.00 15.00 16.00 OK
r-release-macos-x86_64 0.0.3 3.00 39.00 42.00 OK
r-release-windows-x86_64 0.0.3 3.00 40.00 43.00 OK
r-oldrel-macos-arm64 0.0.3 1.00 19.00 20.00 NOTE
r-oldrel-macos-x86_64 0.0.3 1.00 26.00 27.00 NOTE
r-oldrel-windows-x86_64 0.0.3 3.00 40.00 43.00 NOTE

Check Details

Version: 0.0.3
Check: LazyData
Result: NOTE 'LazyData' is specified without a 'data' directory Flavors: r-oldrel-macos-arm64, r-oldrel-macos-x86_64, r-oldrel-windows-x86_64